. Let c be a(3). Let v be 7/((-14)/3)*2. Calculate the remainder when -1 + v*(c - 13) is divided by 10.
9
Suppose -452 = -3*f + h - 2*h, 5*f + 4*h = 751. Suppose 6*r = r + 5*n - 115, 5*r + 105 = 3*n. What is the remainder when 66 is divided by f/9 - 4/r?
15
Let m(r) = -r**3 + 7*r**2 - 2*r + 6. Let z be m(7). Let g(n) = -n - 6. Let y be g(z). What is the remainder when (y - -4)*(-10)/(-6) is divided by 4?
2
Let t(f) = -95*f - 1. Calculate the remainder when 181 is divided by t(-1).
87
Let t = 390 - 323. What is the remainder when t is divided by 43?
24
Let r be (-4 - 219/(-12))/((-1)/4). Let x = r - -80. What is the remainder when x is divided by 14?
9
Let o(c) = c**3 + 4*c**2 + c + 2. Let l be (2 - (-4 + 2)) + -17. Let n = 8 - l. What is the remainder when n is divided by o(-3)?
5
Let p = 14 - 2. Suppose p = 3*s, -2*n + 3*s - 6*s = -40. Let a = 6 + -2. What is the remainder when n is divided by a?
2
Suppose -143*g = -147*g - 20. Let a(t) = -t**3 - 4*t**2 + t - 1. Calculate the remainder when 130 is divided by a(g).
16
Suppose 5*g - 252 = -4*g. Let n = g - -4. What is the remainder when 61 is divided by n?
29
Suppose -131 - 91 = -5*k - 4*s, 5*k - 2*s - 204 = 0. What is the remainder when k is divided by 1?
0
Suppose 98*g = 94*g + 304. Suppose 9*z - g - 221 = 0. What is the remainder when z is divided by 13?
7
Let y(i) = i**3 - 9*i**2 + i - 52. What is the remainder when 239 is divided by y(10)?
7
Let t(u) = 2*u**3 - 5*u**2 - 3*u + 7. Let h(b) = -3*b**3 + 9*b**2 + 5*b - 13. Let s(m) = -4*h(m) - 7*t(m). Calculate the remainder when 11 is divided by s(0).
2
Let b(y) = 8*y - 9*y - 4*y. Let i(n) = n**3 - 9*n**2 + 7*n + 6. Let a be i(8). Calculate the remainder when b(a) is divided by 6.
4
Let m be 243/12 + 1/(-4). Suppose 4*o = -0*o + m. Suppose -o*t + 10 = -20. What is the remainder when 11 is divided by t?
5
Let h = -33 - -39. Suppose 0 = -a + h*a - 340. Calculate the remainder when a is divided by 14.
12
Let i(w) = -w**2 + 9*w - 10. Let s be i(7). Suppose 25 = -s*c + 4*q + 121, q + 93 = 4*c. What is the remainder when c is divided by -1*(-4 + 1) - -3?
5
Suppose 3*t = -12, -3*y - 14 = -0*t + 5*t. What is the remainder when 508/(-8)*(y + -1)*-2 is divided by 33?
28
Let n(p) = p**3 - 4*p**2 - 13*p + 2. Let s be n(6). Let y = s + -6. Calculate the remainder when 9 is divided by (2/y)/(2/(-50)).
4
Suppose -5*c + 4 + 6 = 0. Suppose 150 = 4*f + 4*w + w, 0 = c*f - 3*w - 86. Let v = f + -24. Calculate the remainder when 29 is divided by v.
13
Let q = 690 - 676. Calculate the remainder when 97 is divided by q.
13
Calculate the remainder when 167 is divided by (-2)/(-4)*840/45*3.
27
Suppose 0 = 2*y - 10, 2*c = -5*y + 34 + 9. Suppose 3*n - 7 = -s, 5*s - c = -2*n - 0*n. What is the remainder when 8 is divided by n?
0
Let r = 7 + -4. What is the remainder when r + (0 - 19)/(-1) is divided by 112/10 - (-32)/40?
10
Let w(m) = -2*m - 2. Suppose -2749*t + 2767*t - 162 = 0. What is the remainder when w(-6) is divided by t?
1
Suppose 5*v - 120 = -5*b, -7*b + 50 = -5*b + 3*v. What is the remainder when b is divided by 64/10 - 2/5?
4
Let t(j) = -j**3 - 3*j**2 + 2*j + 4. Suppose -34 = 5*r - 9, -2*m + 44 = 2*r. Let h = 8 + m. Calculate the remainder when h is divided by t(-4).
11
Suppose -2*c = a - 2*a + 34, -2*c + 134 = 3*a. Let d(u) = 60*u + 1992. Calculate the remainder when a is divided by d(-33).
6
Let w(u) = u**3 - u**2 + 22. Let l be w(0). Let m be l/33 - 136/6. Let i = -15 - m. Calculate the remainder when 33 is divided by i.
5
What is the remainder when 522 is divided by (-258)/4*-2 + 4?
123
Let c(p) = 23*p + 13. Calculate the remainder when c(4) is divided by 55.
50
Suppose -65*d + 5282 = -27*d. Calculate the remainder when d is divided by 46.
1
Let c = 8 + 19. Suppose 4*d + 2 = -18, 2*p = -5*d - 167. Let j = 87 + p. Calculate the remainder when c is divided by j.
11
Suppose 2*p = 2*q + 78, q = 1 - 6. Suppose 0 = 4*a + 2*y + 6, a + a - 9 = 3*y. Let n = a + p. What is the remainder when 67 is divided by n?
33
Let u be (36/(-27))/(1/(-3)). Suppose 0 = -5*t + u + 11. Suppose 7*z - t*z = 56. Calculate the remainder when 39 is divided by z.
11
Let s(y) = 5*y - 28. Let r(x) = x**2 - 11*x - 5. Let d be r(12). Calculate the remainder when 20 is divided by s(d).
6
Let q = -476 + 495. What is the remainder when 49 is divided by q?
11
Let k = 304 + -172. Let v(s) = 93*s**2 + 1. What is the remainder when v(-1) is divided by k/6 + (-2)/(-1)?
22
Suppose -52*g = -64*g + 708. What is the remainder when g is divided by 16?
11
Calculate the remainder when 27 is divided by (0 + 34/(-4))/(28/(-56)).
10
Let t be (-2 + 3)*4 + (-5 - -1). Suppose t = -r + 5*c + 22, c + 0*c + 1 = 0. What is the remainder when 453/7 + (-4)/(-14) is divided by r?
14
Let t(v) = 3 - 32*v**2 - 2 - v**3 - 16 - 2*v + 12*v**2. What is the remainder when 48 is divided by t(-20)?
23
Suppose 4*w - 169 = -b, -4*b + b = -4*w - 443. Suppose -8*y = -5*y - b. What is the remainder when y is divided by 14?
9
Suppose -2*a = -v - 4*v - 27, a + 4*v = 20. Calculate the remainder when 42 is divided by a.
10
Let m = 112 - 111. Calculate the remainder when 72 is divided by (340/8 - 5) + m/(-2).
35
Suppose 137*n = 144*n - 546. What is the remainder when 221 is divided by n?
65
Suppose 374*d - 105 = 367*d. Let y(x) = 5*x**2 + 2*x + 3. Calculate the remainder when y(-5) is divided by d.
13
Suppose n - 23 - 101 = 0. What is the remainder when n is divided by 26?
20
Let n(g) = 2*g + 11. Let f(h) = -1. Let d(b) = 4*f(b) - n(b). Suppose -m = 3*z + 20, -17 = 5*m - 4*z + 26. Calculate the remainder when 12 is divided by d(m).
5
Suppose -70 - 63 = -7*d. What is the remainder when 124 is divided by d?
10
Suppose -y = 7*r - 6*r - 4, 4*r + 5*y - 12 = 0. What is the remainder when 53 is divided by r?
5
Suppose 4*d = -147 - 1797. Calculate the remainder when d/45*(-20)/6 is divided by 20.
16
Suppose 8*j - 14*j = -234. Let o = j + -24. Calculate the remainder when 37 is divided by o.
7
What is the remainder when (2 - 4/(-8))*(-402)/(-15) is divided by 25?
17
Let k = 22 - -3. Let b be (-5)/2*(-380)/k. Suppose 3*h + b = 5*h. What is the remainder when h is divided by 10?
9
Let r = -19 + 95. Let a = -49 + r. Let j = a - -27. Calculate the remainder when j is divided by 14.
12
Let r = 19 - -45. Let h = r + -57. Calculate the remainder when 12 is divided by h.
5
Let d(f) = -f**3 - 7*f**2 + f - 6. Let c be d(-7). Let s = 21 + 5. Let r = s + c. Calculate the remainder when 51 is divided by r.
12
Let t = -77 + 101. Suppose t = -4*r + 36. Calculate the remainder when 6 is divided by r.
0
Suppose 6*w - 480 = -14*w. What is the remainder when 73 is divided by w?
1
Let a(p) = p**3 - 10*p**2 + 10*p - 5. Let r be a(9). Suppose 4*n = 5*t - 16, 0*n - 2*t + 12 = r*n. What is the remainder when 46 is divided by n - (-1 + -2)*5?
14
Let o(r) = 13*r**2 + 3*r + 3. Suppose d + 4*d = -x + 26, -4*d + 104 = 4*x. What is the remainder when o(3) is divided by x?
25
Let s(w) = 2*w - 7. Suppose -7*y = -2*y - 65. What is the remainder when y is divided by s(6)?
3
Suppose 0 = -3*a + p + 2*p + 177, -2*p - 6 = 0. What is the remainder when a is divided by 22?
12
Let t be ((-66)/(-55))/(4/10). Suppose 2*k = 4*k + 3*c - 15, 5*c - 6 = t*k. Suppose k = 5*z - 22. Calculate the remainder when 7 is divided by z.
2
Let i = 115 + -100. Calculate the remainder when i is divided by 1*(8 + (-2 - -2)).
7
Let y = -199 + 852. What is the remainder when y is divided by 9?
5
Suppose -6 = 3*y - 5*v - 93, -v - 6 = 0. Let h(j) = -j**3 - 6*j**2 + 10*j + 5. Calculate the remainder when h(-8) is divided by y.
15
Suppose -l + 7 = -3*b, -4*l - 12*b = -14*b - 28. Calculate the remainder when 32 is divided by l.
4
Suppose 3*p - 9 = 3*h, -2*p - p = -2*h - 6. What is the remainder when ((-77)/2 + 1)/(h/4) is divided by (26/(-3))/((-4)/6)?
11
Suppose 3*q - 5*s = 13 + 46, 88 = 5*q + 2*s. Let o = -5 + 8. Suppose -4*d = 3*g - 207, 3*d + o*g - 200 = -44. What is the remainder when d is divided by q?
15
Suppose 3*n = 10*n - 5656. What is the remainder when n is divided by 9?
7
What is the remainder when 49 is divided by (-6 - (-26)/13)/(4/(-26))?
23
Suppose 4*l - 3*b - 56 = -0*l, -3*l = 3*b - 63. Let i = l + -3. Calculate the remainder when i is divided by 9.
5
Suppose 4*s = 5*y + 129, 5*s - 4*s = -4*y